 of 548?
True
Is 5 a factor of 99985?
True
Is 69 a factor of 2970657?
True
Is 604368 a multiple of 432?
True
Does 74 divide 999666?
True
Does 15 divide 218115?
True
Does 2 divide 32187?
False
Does 207 divide 666889?
False
Is 478 a factor of 533926?
True
Does 63 divide 138285?
True
Is 39950 a multiple of 34?
True
Is 208 a factor of 287248?
True
Is 197 a factor of 2305097?
True
Is 120 a factor of 1187779?
False
Is 17 a factor of 12590455?
True
Is 433 a factor of 292906?
False
Is 1922702 a multiple of 18?
False
Is 145 a factor of 11014200?
True
Is 626003 a multiple of 86?
False
Is 2 a factor of 103975?
False
Does 218 divide 490908?
False
Is 29216 a multiple of 18?
False
Is 194 a factor of 994638?
True
Is 27429 a multiple of 3?
True
Is 18513 a multiple of 121?
True
Is 439 a factor of 4278163?
False
Does 712 divide 712712?
True
Is 88 a factor of 391502?
False
Is 40 a factor of 4750331?
False
Does 45 divide 64825?
False
Is 363 a factor of 1869813?
True
Is 124648 a multiple of 10?
False
Is 2916146 a multiple of 75?
False
Does 24 divide 602064?
True
Is 102 a factor of 4707542?
False
Is 1943007 a multiple of 11?
True
Is 451 a factor of 121333?
False
Is 14 a factor of 54278?
True
Is 2 a factor of 66573?
False
Does 160 divide 47360?
True
Is 1114820 a multiple of 82?
False
Is 144 a factor of 6146200?
False
Is 1302 a factor of 70308?
True
Is 3648855 a multiple of 413?
True
Is 22573 a multiple of 11?
False
Does 391 divide 191356?
False
Does 676 divide 528854?
False
Does 100 divide 360800?
True
Is 5994695 a multiple of 413?
True
Does 10 divide 60094?
False
Is 18 a factor of 31810?
False
Does 22 divide 106722?
True
Is 176809 even?
False
Is 324347 a multiple of 103?
True
Is 206 a factor of 30076?
True
Is 129 a factor of 899935?
False
Is 2076485 a multiple of 485?
False
Is 14 a factor of 11784444?
True
Is 124336 a multiple of 287?
False
Does 26 divide 191238?
False
Is 6338965 a multiple of 523?
False
Does 205 divide 55568?
False
Does 207 divide 3434935?
False
Is 69285 a multiple of 71?
False
Is 773946 a multiple of 62?
True
Does 13 divide 402766?
True
Is 570648 a multiple of 156?
True
Is 2724545 a multiple of 31?
False
Is 140800 a multiple of 57?
False
Is 9 a factor of 251239?
False
Is 18025190 a multiple of 43?
False
Is 23926 a multiple of 33?
False
Does 106 divide 3202684?
True
Is 980910 a multiple of 70?
True
Is 404671 a multiple of 98?
False
Is 104 a factor of 5355476?
False
Is 286 a factor of 1342244?
False
Does 210 divide 4689090?
True
Is 861450 a multiple of 10?
True
Is 84854 a multiple of 203?
True
Is 51 a factor of 141803?
False
Is 1296638 a multiple of 14?
True
Does 4 divide 4467264?
True
Is 4 a factor of 963?
False
Does 298 divide 4141008?
True
Is 1012780 a multiple of 13?
False
Does 330 divide 744563?
False
Is 2022650 a multiple of 193?
False
Is 391 a factor of 5762592?
False
Is 21314 a multiple of 173?
False
Is 4 a factor of 2749239?
False
Is 20 a factor of 143254?
False
Does 17 divide 3592151?
True
Is 6261152 a multiple of 32?
True
Does 85 divide 119340?
True
Is 292 a factor of 90812?
True
Is 366955 a multiple of 3?
False
Is 18 a factor of 354265?
False
Does 46 divide 1111056?
False
Is 341172 a multiple of 78?
True
Does 8 divide 77600?
True
Is 90030 a multiple of 10?
True
Is 13 a factor of 466907?
False
Is 1331 a factor of 8901133?
False
Is 2378145 a multiple of 77?
True
Does 32 divide 153712?
False
Is 320 a factor of 316212?
False
Is 232 a factor of 7613607?
False
Is 44289 a multiple of 251?
False
Is 21 a factor of 2804602?
False
Is 850200 a multiple of 526?
False
Is 460974 a multiple of 4?
False
Is 3109480 a multiple of 1480?
True
Is 23638 a multiple of 5?
False
Does 478 divide 9693661?
False
Does 34 divide 80104?
True
Is 13080 a multiple of 20?
True
Does 11 divide 149142?
False
Is 24 a factor of 408624?
True
Does 1407 divide 32908323?
True
Does 33 divide 2087832?
False
Is 5214090 a multiple of 245?
True
Is 3047545 a multiple of 931?
False
Is 115437 a multiple of 69?
True
Is 5896566 a multiple of 669?
True
Does 123 divide 33555?
False
Is 7296 a multiple of 48?
True
Does 42 divide 2435?
False
Does 35 divide 263635?
False
Does 109 divide 790156?
False
Is 419 a factor of 521236?
True
Does 1119 divide 8394738?
True
Does 16 divide 8451288?
False
Does 2 divide 158634?
True
Does 4 divide 3828814?
False
Is 13415550 a multiple of 510?
True
Is 104 a factor of 524056?
True
Does 145 divide 34504?
False
Is 12396 a multiple of 12?
True
Is 1764954 a multiple of 62?
True
Does 9 divide 129663?
True
Is 428889 a multiple of 44?
False
Is 196 a factor of 53815?
False
Does 11 divide 614251?
True
Does 24 divide 1810680?
True
Is 1949470 a multiple of 18?
False
Is 74 a factor of 10607456?
True
Is 1724496 a multiple of 212?
False
Is 7 a factor of 181739?
False
Does 108 divide 5145280?
False
Is 26 a factor of 10827840?
False
Is 279 a factor of 381175?
False
Does 14 divide 912702?
True
Does 24 divide 96000?
True
Is 4780674 a multiple of 310?
False
Is 119 a factor of 262395?
True
Does 21 divide 230790?
True
Is 10419255 a multiple of 217?
True
Is 1127976 a multiple of 258?
True
Is 5112372 a multiple of 24?
False
Does 43 divide 10160943?
True
Is 431968 a multiple of 48?
False
Is 3928032 a multiple of 276?
True
Is 14 a factor of 390268?
False
Is 25 a factor of 996400?
True
Does 221 divide 3425094?
False
Is 107808 a multiple of 195?
False
Is 197184 a multiple of 16?
True
Does 74 divide 90238?
False
Does 740 divide 5106740?
True
Is 2241970 a multiple of 13?
False
Is 5408782 a multiple of 1269?
False
Is 341 a factor of 339681?
False
Is 29 a factor of 631693?
False
Is 11006593 a multiple of 37?
False
Is 74 a factor of 1458984?
True
Is 114256 a multiple of 37?
True
Is 718129 a multiple of 23?
True
Is 221 a factor of 320763?
False
Is 307 a factor of 1246420?
True
Does 53 divide 2232233?
False
Is 14161966 a multiple of 182?
True
Is 1681 a factor of 15720712?
True
Is 98 a factor of 1392163?
False
Is 5745 a multiple of 53?
False
Is 936254 a multiple of 93?
False
Is 12740673 a multiple of 13?
False
Is 12297804 a multiple of 674?
True
Is 353917 a multiple of 102?
False
Does 249 divide 256099?
False
Does 30 divide 5613780?
True
Is 24 a factor of 3449644?
False
Does 9 divide 135306?
True
Does 146 divide 323744?
False
Is 15 a factor of 89963?
False
Is 436023 a multiple of 16?
False
Is 43558 even?
True
Is 19 a factor of 528979?
True
Is 134013 a multiple of 33?
True
Is 6771843 a multiple of 143?
False
Is 8 a factor of 66016?
True
Is 33 a factor of 350982?
False
Is 80925 a multiple of 195?
True
Is 76873 a multiple of 20?
False
Is 47012 a multiple of 38?
False
Is 106893 a multiple of 42?
False
Is 3 a factor of 389672?
False
Does 77 divide 250635?
True
Is 7 a factor of 39914?
True
Is 79152 a multiple of 12?
True
Is 194 a factor of 1090278?
False
Is 509 a factor of 276387?
True
Does 77 divide 11549692?
True
Is 144832 a multiple of 47?
False
Is 94 a factor of 167226?
True
Does 474 divide 1263640?
False
Is 518 a factor of 1482516?
True
Does 63 divide 4922505?
True
Is 1355922 a multiple of 146?
False
Is 33 a factor of 1163778?
True
Does 267 divide 185790?
False
Is 56 a factor of 830562?
False
Does 85 divide 73345?
False
Does 176 divide 26400?
True
Is 616 a factor of 1547700?
False
Is 210 a factor of 347130?
True
Is 152133 a multiple of 51?
True
Does 24 divide 56574?
False
Does 24 divide 145232?
False
Is 131899 a multiple of 5?
False
Does 67 divide 146864?
True
Is 137192 a multiple of 8?
True
Does 31 divide 3366961?
False
Is 74 a factor of 37592?
True
Is 155045 a multiple of 275?
False
Does 1150 divide 6783466?
False
Is 37 a factor of 758537?
True
Is 32 a factor of 78978?
False
Does 260 divide 1332760?
True
Does 30 divide 7005675?
False
Does 51 divide 58824?
False
Does 17 divide 231476?
False
Is 106553 a multiple of 124?
False
Is 1836105 a multiple of 196?
False
Is 51 a factor of 394893?
True
Is 50 a factor of 489913?
False
Does 356 divide 11854800?
True
Is 94 a factor of 2686179?
False
Does 409 divide 13652011?
True
Is 18 a factor of 1810?
False
Is 19 a factor of 1345217?
False
Is 191 a factor of 1530023?
False
Is 176226 a multiple of 138?
True
Does 358 divide 8485103?
False
Is 113 a factor of 2753951?
False
Does 34 divide 17801108?
True
Does 68 divide 2959768?
True
Is 193539 a multiple of 171?